{"id":12,"date":"2022-07-19T11:29:10","date_gmt":"2022-07-19T09:29:10","guid":{"rendered":"http:\/\/uirec.bio\/?page_id=12"},"modified":"2022-11-21T00:00:26","modified_gmt":"2022-11-20T23:00:26","slug":"uirec-une-union-de-cooperative-engagee","status":"publish","type":"page","link":"https:\/\/uirec.bio\/","title":{"rendered":"UIREC &#8211; Le cacao agroforestier de C\u00f4te d&rsquo;ivoire"},"content":{"rendered":"\n<div style=\"height:50px\" aria-hidden=\"true\" class=\"wp-block-spacer\"><\/div>\n\n\n\n<div class=\"wp-block-columns alignwide are-vertically-aligned-center is-style-twentytwentyone-columns-overlap is-layout-flex wp-container-core-columns-is-layout-9d6595d7 wp-block-columns-is-layout-flex\">\n<div class=\"wp-block-column is-vertically-aligned-center is-layout-flow wp-block-column-is-layout-flow\"><\/div>\n\n\n\n<div class=\"wp-block-column is-vertically-aligned-center is-layout-flow wp-block-column-is-layout-flow\"><\/div>\n<\/div>\n\n\n\n<div class=\"wp-block-columns alignwide are-vertically-aligned-top is-layout-flex wp-container-core-columns-is-layout-9d6595d7 wp-block-columns-is-layout-flex\">\n<div class=\"wp-block-column is-vertically-aligned-top is-layout-flow wp-block-column-is-layout-flow\">\n<h3 class=\"wp-block-heading\">Agroforesterie<\/h3>\n\n\n\n<p>Agroforesterie pour les bonnes pratiques d\u2019entretien des plantations. <\/p>\n\n\n\n<p>Introduction d\u2019arbres d\u2019ombrage et d\u2019autres arbres \u00abutiles\u00bb (fruitiers, pharmacop\u00e9e, &#8230;)<\/p>\n\n\n\n\n\n\n\n<p>Travail sur la fertilit\u00e9 des sols<\/p>\n<\/div>\n\n\n\n<div class=\"wp-block-column is-vertically-aligned-top is-layout-flow wp-block-column-is-layout-flow\">\n<h3 class=\"wp-block-heading\">Agro\u00e9cologie<\/h3>\n\n\n\n<p>Diffusion des pratiques agro\u00e9cologiques aupr\u00e8s d\u2019autres producteurs des coop\u00e9ratives par le biais d&rsquo;animateurs (15) et de paysans-relais (40),<\/p>\n<\/div>\n\n\n\n<div class=\"wp-block-column is-vertically-aligned-top is-layout-flow wp-block-column-is-layout-flow\">\n<h3 class=\"wp-block-heading\">Cacao de qualit\u00e9 et en transition <\/h3>\n\n\n\n<p>Les 9 034 producteurs de la coop\u00e9rative g\u00e8rent 6 800 ha avec une production de cacao d\u2019environ 3000 tonnes.<\/p>\n<\/div>\n<\/div>\n","protected":false},"excerpt":{"rendered":"<p>Agroforesterie Agroforesterie pour les bonnes pratiques d\u2019entretien des plantations. Introduction d\u2019arbres d\u2019ombrage et d\u2019autres arbres \u00abutiles\u00bb (fruitiers, pharmacop\u00e9e, &#8230;) Travail sur la fertilit\u00e9 des sols Agro\u00e9cologie Diffusion des pratiques agro\u00e9cologiques aupr\u00e8s d\u2019autres producteurs des coop\u00e9ratives par le biais d&rsquo;animateurs (15) et de paysans-relais (40), Cacao de qualit\u00e9 et en transition Les 9 034 producteurs de la coop\u00e9rative g\u00e8rent 6 800 &hellip; <\/p>\n","protected":false},"author":1,"featured_media":0,"parent":0,"menu_order":0,"comment_status":"closed","ping_status":"closed","template":"","meta":{"_mi_skip_tracking":false,"footnotes":""},"class_list":["post-12","page","type-page","status-publish","hentry","latest_post"],"_links":{"self":[{"href":"https:\/\/uirec.bio\/index.php\/wp-json\/wp\/v2\/pages\/12","targetHints":{"allow":["GET"]}}],"collection":[{"href":"https:\/\/uirec.bio\/index.php\/wp-json\/wp\/v2\/pages"}],"about":[{"href":"https:\/\/uirec.bio\/index.php\/wp-json\/wp\/v2\/types\/page"}],"author":[{"embeddable":true,"href":"https:\/\/uirec.bio\/index.php\/wp-json\/wp\/v2\/users\/1"}],"replies":[{"embeddable":true,"href":"https:\/\/uirec.bio\/index.php\/wp-json\/wp\/v2\/comments?post=12"}],"version-history":[{"count":10,"href":"https:\/\/uirec.bio\/index.php\/wp-json\/wp\/v2\/pages\/12\/revisions"}],"predecessor-version":[{"id":144,"href":"https:\/\/uirec.bio\/index.php\/wp-json\/wp\/v2\/pages\/12\/revisions\/144"}],"wp:attachment":[{"href":"https:\/\/uirec.bio\/index.php\/wp-json\/wp\/v2\/media?parent=12"}],"curies":[{"name":"wp","href":"https:\/\/api.w.org\/{rel}","templated":true}]}}